{"id":18511,"date":"2026-01-23T17:14:48","date_gmt":"2026-01-23T14:14:48","guid":{"rendered":"https:\/\/demositelerim.biz.tr\/mor\/?post_type=product&#038;p=18511"},"modified":"2026-01-23T17:14:48","modified_gmt":"2026-01-23T14:14:48","slug":"k2552-maket-kavsakli-yol-seti-yapiskanli-1100","status":"publish","type":"product","link":"https:\/\/morkirtasiye.com.tr\/index.php\/urun\/k2552-maket-kavsakli-yol-seti-yapiskanli-1100\/","title":{"rendered":"K2552 &#8211; Maket Kav\u015fakl\u0131 Yol Seti Yap\u0131\u015fkanl\u0131 1:100"},"content":{"rendered":"<p>K2552 &#8211; Maket Kav\u015fakl\u0131 Yol Seti Yap\u0131\u015fkanl\u0131 1:100<\/p>\n","protected":false},"excerpt":{"rendered":"<p>K2552 &#8211; Maket Kav\u015fakl\u0131 Yol Seti Yap\u0131\u015fkanl\u0131 1:100<\/p>\n","protected":false},"featured_media":17821,"comment_status":"open","ping_status":"closed","template":"","meta":[],"product_brand":[],"product_cat":[112,137],"product_tag":[],"class_list":{"0":"post-18511","1":"product","2":"type-product","3":"status-publish","4":"has-post-thumbnail","6":"product_cat-maket-hobi","7":"product_cat-olcekli-maket-insanlar","9":"first","10":"instock","11":"taxable","12":"shipping-taxable","13":"purchasable","14":"product-type-simple"},"_links":{"self":[{"href":"https:\/\/morkirtasiye.com.tr\/index.php\/wp-json\/wp\/v2\/product\/18511","targetHints":{"allow":["GET"]}}],"collection":[{"href":"https:\/\/morkirtasiye.com.tr\/index.php\/wp-json\/wp\/v2\/product"}],"about":[{"href":"https:\/\/morkirtasiye.com.tr\/index.php\/wp-json\/wp\/v2\/types\/product"}],"replies":[{"embeddable":true,"href":"https:\/\/morkirtasiye.com.tr\/index.php\/wp-json\/wp\/v2\/comments?post=18511"}],"version-history":[{"count":1,"href":"https:\/\/morkirtasiye.com.tr\/index.php\/wp-json\/wp\/v2\/product\/18511\/revisions"}],"predecessor-version":[{"id":18512,"href":"https:\/\/morkirtasiye.com.tr\/index.php\/wp-json\/wp\/v2\/product\/18511\/revisions\/18512"}],"wp:featuredmedia":[{"embeddable":true,"href":"https:\/\/morkirtasiye.com.tr\/index.php\/wp-json\/wp\/v2\/media\/17821"}],"wp:attachment":[{"href":"https:\/\/morkirtasiye.com.tr\/index.php\/wp-json\/wp\/v2\/media?parent=18511"}],"wp:term":[{"taxonomy":"product_brand","embeddable":true,"href":"https:\/\/morkirtasiye.com.tr\/index.php\/wp-json\/wp\/v2\/product_brand?post=18511"},{"taxonomy":"product_cat","embeddable":true,"href":"https:\/\/morkirtasiye.com.tr\/index.php\/wp-json\/wp\/v2\/product_cat?post=18511"},{"taxonomy":"product_tag","embeddable":true,"href":"https:\/\/morkirtasiye.com.tr\/index.php\/wp-json\/wp\/v2\/product_tag?post=18511"}],"curies":[{"name":"wp","href":"https:\/\/api.w.org\/{rel}","templated":true}]}}